. Calculate u(-8).
20
Let x(y) = 3*y. Give x(0).
0
Let z(i) = -10*i - 2. Calculate z(6).
-62
Let q(u) = -u + 8. Determine q(12).
-4
Let n(l) = 2*l**2 - 13*l - 6. Determine n(6).
-12
Let b(v) = v**3 - 9*v**2 + 9*v - 6. Calculate b(6).
-60
Let o(n) = n**2 - 54*n + 409. Give o(9).
4
Let d(t) = t**2 - 21*t + 48. What is d(18)?
-6
Let b(x) = 123*x - 861. Determine b(7).
0
Let n(t) = -t**2 + 8*t + 6. Calculate n(10).
-14
Let o(w) = w**3 - 12*w**2 + 36*w - 1. Determine o(6).
-1
Let s(n) = n - 55. Give s(0).
-55
Let d(v) = 2*v - 15. Give d(6).
-3
Let k(p) = 13*p**2 - 42*p - 1. Calculate k(3).
-10
Let o(x) = -x**2 - 7*x + 1. Calculate o(3).
-29
Let x(k) = -k**3 - 18*k**2 - 19*k - 32. What is x(-17)?
2
Let k(d) = d**3 - 9*d**2 - 3*d + 12. Determine k(9).
-15
Let i(p) = 3*p**3 + 3*p**2 + p - 7. Give i(-3).
-64
Let w(h) = h + 13. Determine w(-16).
-3
Let b(s) = 21*s + 103. What is b(-5)?
-2
Let w(r) = r**2 + 6*r. Give w(-8).
16
Let w(s) = -s**3 - 4*s**2 - 3*s - 28. Determine w(-6).
62
Let y(h) = -h**3 + 17*h**2 - 31*h + 13. What is y(15)?
-2
Let j(f) = f**3 - 3*f**2 - 3*f - 17. Determine j(4).
-13
Let b(s) = s**2 - 7*s + 2. Give b(7).
2
Let o(i) = -2*i - 9. What is o(-3)?
-3
Let o(u) = u**2 + 9*u - 4. What is o(-8)?
-12
Let v(u) = -u**2 + 82*u - 456. Give v(76).
0
Let l(b) = -18*b - 11. Determine l(-1).
7
Let c(t) = 5*t**2 + 10*t + 3. What is c(-2)?
3
Let k(v) = 2*v**2 + v - 3. Calculate k(7).
102
Let d(a) = 2*a**2 - 30*a + 3. Give d(15).
3
Let o(a) = a + 10. Calculate o(-15).
-5
Let u(p) = p**2 + 19*p - 6. What is u(3)?
60
Let c(s) = 7*s**2 - 67*s + 32. Give c(9).
-4
Let k(w) = -w + 17. Give k(8).
9
Let o(d) = -d**3 - 2*d**2 - 2. Give o(0).
-2
Let w(z) = -3*z**2 + z + 15. What is w(-3)?
-15
Let b(t) = -t**3 + 6*t**2 - t + 10. Calculate b(6).
4
Let t(u) = -6*u + 2. Calculate t(1).
-4
Let z(m) = m**2 + 5*m + 1. Calculate z(-8).
25
Let z(s) = -2*s**2 - 145*s - 214. Give z(-71).
-1
Let n(l) = -l**3 + 10*l**2 + 3*l - 23. What is n(10)?
7
Let n(k) = k**2 + 2*k - 30. Give n(-6).
-6
Let p(d) = 2*d**2 - 2*d - 6. What is p(-4)?
34
Let j(o) = -o**2 + 6*o + 1. Give j(4).
9
Let s(m) = 20*m - 5. Calculate s(1).
15
Let l(j) = -58*j - 5. What is l(2)?
-121
Let j(u) = u**3 - 6*u**2 + 8. Determine j(6).
8
Let z(r) = 10*r**2 + 51*r + 4. Calculate z(-5).
-1
Let o(u) = 15*u - 63. What is o(4)?
-3
Let z(v) = -v**3 + 6*v**2 - 8*v + 7. Calculate z(3).
10
Let i(v) = 14*v - 99. Calculate i(10).
41
Let n(z) = 3*z + 12. Give n(-6).
-6
Let o(k) = 12*k - 3. Calculate o(4).
45
Let w(o) = 7*o + 2. Give w(2).
16
Let o(a) = -a**2 - 23*a - 18. Give o(-22).
4
Let z(q) = q**2 - 5*q + 3. What is z(3)?
-3
Let p(y) = -193*y - 1542. Calculate p(-8).
2
Let m(s) = -13*s**2 - s - 1. Determine m(-1).
-13
Let m(x) = 8*x + 10. What is m(-2)?
-6
Let f(a) = 2*a - 27. Determine f(8).
-11
Let b(y) = 39*y**3 - y**2. Give b(1).
38
Let c(h) = -h - 6. What is c(0)?
-6
Let a(i) = 2*i + 3. Determine a(11).
25
Let t(g) = 4*g**2 + 4*g - 1. Give t(4).
79
Let l(p) = -p**3 + 6*p**2 - 4*p + 7. Calculate l(5).
12
Let l(p) = -6*p + 137. Give l(26).
-19
Let a(x) = -3*x - 54. Calculate a(-16).
-6
Let h(a) = a**2 + 7*a - 109. Give h(-14).
-11
Let n(f) = -f**2 - 18*f - 55. Calculate n(-4).
1
Let m(i) = -i**3 + 8*i**2 - 4*i - 4. What is m(8)?
-36
Let k(z) = -4*z**2 + 48*z + 3. What is k(12)?
3
Let h(f) = 8*f**2 - 2*f + 5. Determine h(1).
11
Let p(g) = -g**2 - 3*g + 28. What is p(3)?
10
Let g(u) = -2*u + 23. Determine g(10).
3
Let l(i) = -i**2 + i + 46. Determine l(0).
46
Let z(i) = 11*i + 28. Determine z(-3).
-5
Let i(h) = 2*h - 17. Determine i(6).
-5
Let g(l) = l**3 - 12*l**2 + 20*l - 2. What is g(10)?
-2
Let z(h) = h**3 - 9*h**2 - h - 34. Give z(6).
-148
Let w(q) = 2*q + 16. Determine w(-7).
2
Let r(t) = -t**3 - 5*t**2 - 3*t - 1. Determine r(-1).
-2
Let s(d) = -d**2 + 16*d - 5. What is s(15)?
10
Let d(a) = 3*a + 2. What is d(1)?
5
Let k(j) = -j**2 - 48*j - 131. Calculate k(-45).
4
Let h(f) = 2*f**3 + 2*f**2 + 2*f - 2. Give h(-2).
-14
Let d(x) = -x**3 - 3*x**2 - 5*x - 6. What is d(-2)?
0
Let j(k) = 13*k - 25. What is j(2)?
1
Let n(i) = 2*i**2 + 20*i - 23. Calculate n(-11).
-1
Let q(o) = -7*o + 1. Determine q(1).
-6
Let n(b) = -b - 9. Give n(0).
-9
Let g(z) = -3*z - 2. Give g(0).
-2
Let p(m) = -m**2 - 13*m - 3. Calculate p(-11).
19
Let l(x) = x**3 + x**2 - x + 1. What is l(-2)?
-1
Let i(v) = 30*v - 1. Give i(-1).
-31
Let y(i) = i**2 - 5*i + 6. What is y(4)?
2
Let m(k) = -3*k**2 - 77*k - 37. Determine m(-25).
13
Let a(i) = -i**3 - 7*i**2 + 9*i + 4. Calculate a(-8).
-4
Let m(j) = j - 10. What is m(11)?
1
Let q(k) = k**3 - 3*k**2 + 5*k + 2. Give q(4).
38
Let v(f) = -18*f + 1. Determine v(0).
1
Let a(t) = 2*t**2 + 4*t. Give a(-3).
6
Let f(p) = -80*p + 1439. Determine f(18).
-1
Let d(s) = 3*s + 11. Give d(-5).
-4
Let c(g) = g**2 + g - 6. Determine c(4).
14
Let y(l) = -7*l**2 + 4*l + 23. What is y(-5)?
-172
Let q(j) = j**3 + 7*j**2 - 17*j + 2. Calculate q(-9).
-7
Let g(h) = 2*h**2 + 33*h - 58. Calculate g(-18).
-4
Let u(i) = -i**3 - 18*i**2 - 7. Give u(-18).
-7
Let y(c) = 59*c**2 - 472*c - 2. Give y(8).
-2
Let z(p) = -p. What is z(9)?
-9
Let f(i) = 5*i**2 + 14*i + 15. Calculate f(-5).
70
Let x(p) = 2*p**2 - 18*p - 5. Give x(9).
-5
Let z(r) = r + 2. Determine z(-2).
0
Let d(y) = y**3 - 9*y**2 + 12*y + 15. Give d(7).
1
Let x(l) = -35*l - 14. Give x(-5).
161
Let h(n) = -6*n**2 + 15*n - 29. Give h(2).
-23
Let n(z) = z**3 - 4*z**2 - 6*z - 4. What is n(5)?
-9
Let n(o) = o**2 + o + 1. Give n(-4).
13
Let v(f) = -f**3 - 10*f**2 - f + 3. Determine v(-10).
13
Let f(q) = -2*q**3 - 2*q**2 + 4*q - 4. What is f(2)?
-20
Let s(i) = 5*i**2 - 4*i. What is s(5)?
105
Let u(n) = -n - 7. What is u(-10)?
3
Let p(f) = f**3 + 3*f**2 - 2*f - 2. Give p(-5).
-42
Let y(h) = h**3 - 4*h**2 - 7*h + 7. Give y(5).
-3
Let a(h) = h - 7. Calculate a(17).
10
Let h(v) = 5*v - 2. Give h(-3).
-17
Let y(t) = t**2 - 19*t + 69. What is y(13)?
-9
Let i(t) = -t**2 + 28*t - 96. Calculate i(23).
19
Let p(m) = 16*m + 460. What is p(-29)?
-4
Let g(c) = c**3 + 11*c**2 + 28*c - 4. Determine g(-5).
6
Let p(k) = -k**3 - 3*k**2 + 8*k - 17. Determine p(-5).
-7
Let o(y) = y**2 - 19*y + 15. Calculate o(17).
-19
Let s(v) = v**2 + 13*v + 42. Calculate s(-10).
12
Let n(i) = i**3 + 11*i**2 + 9*i + 8. What is n(-11)?
-91
Let a(x) = 32*x**2 - 2*x - 1. Give a(-1).
33
Let n(h) = 20*h**2 + 4*h + 4. Determine n(-1).
20
Let g(o) = o - 26. Determine g(-7).
-33
Let w(r) = 3*r**2 - 65*r - 18. What is w(22)?
4
Let f(v) = v**3 + 4*v**2 + v - 2. Give f(-3).
4
Let l(r) = 3*r**2 - 6*r + 6. Give l(4).
30
Let o(d) = -2*d + 19. What is o(7)?
5
Let w(d) = d**3 - 3*d**2 - 7*d - 1. Calculate w(5).
14
Let n(o) = -o**3 - 3*o**2 - 3*o. Determine n(-2).
2
Let g(r) = -43*r + 2. Determine g(2).
-84
Let s(i) = -13*i**2 + 5*i - 4. Calculate s(1).
-12
Let h(g) = g**3 + 14*g**2 + 14*g + 22. Give h(-13).
9
Let k(z) = -2*z**2 - 9*z + 1. Calculate k(-4).
5
Let y(j) = -2*j**2 - 75*j - 26. What is y(-37)?
11
Let o(j) = -2*j. Determine o(10).
-20
Let y(b) = b**2 + 10. Give y(-8).
74
Let r(x) = x**3 - 7*x**2 - x + 3. Calculate r(6).
-39
Let g(z) = -z**2 - 7*z + 8. Give g(-6).
14
Let p(s) = -s - 41. Give p(-20).
-21
Let i(q) = -q**3 - 7*q**2 - 12*q - 39. What is i(-6)?
-3
Let l(d) = 4*d**2 - 5. Give l(4).
59
Let q(w) = -w - 4. What is q(24)?
-28
Let j(k) = -2*k**3 + 4*k**2 + 4*k - 14. Determine j(4).
-62
Let n(p) = -6*p + 17. Give n(4).
-7
Let c(b) = -6*b**2 - 21*b + 39. Determine c(2).
-27
Let s(o) = 2*o. Give s(-11).
-22
Let d(c) = 3*c + 1. Calculate d(7).
22
Let g(s) = -2*s. Calculate g(3).
-6
Let p(b) = -b**2 + 13*b - 9. Calculate p(12).
3
Let p(o) = o**2 - 2*o - 77. What is p(10)?
3
Let z(m) = m**2 + 13*m + 15. Calculate z(-12).
3
Let l(h) = h**3 - 7*h**2 - 14*h + 52. What is l(8)?
4
Let m(j) = -10*j + 10. Calculate m(-3).
40
Let r(i) = 18*i**2 - i. What is r(-1)?
19
Let i(q) = -7*q - 23. What is i(6)?
-65
Let n(w) = 4*w**2 + 3*w + 3. Give n(-3).
30
Let d(r) = r**3 + 6*r**2 - 16*r - 51. What is d(-7)?
12
Let c(f) = -f**3 - 3*f**2 + 6*f + 9. Give c(-4).
1
Let t(d) = 5*d - 4. Give t(-4).
-24
Let o(g) = -2*g**2 + 14*g - 2. Calculate o(7).
-2
Let u(m) = m**3 - 6*m**2 - 6*m - 14. Determine u(7).
-7
Let q(m) = -m**2 - 9*m + 21. Calculate q(-11).
-1
Let k(y) = -y**3 - 8*y**2 + 17*y - 2. Give k(-10).
28
Let v(n) = -n**3 - 8*n*